{"id":12322,"date":"2016-11-08T14:14:34","date_gmt":"2016-11-08T14:14:34","guid":{"rendered":"http:\/\/green-farm.cmsmasters.net\/?page_id=12322"},"modified":"2023-10-20T13:13:57","modified_gmt":"2023-10-20T13:13:57","slug":"despre-noi","status":"publish","type":"page","link":"https:\/\/gallidercluj.ro\/2014-2020\/despre-noi\/","title":{"rendered":"Despre noi"},"content":{"rendered":"<div id=\"cmsmasters_row_\" class=\"cmsmasters_row cmsmasters_color_scheme_default cmsmasters_row_top_default cmsmasters_row_bot_default cmsmasters_row_boxed\">\n<div class=\"cmsmasters_row_outer_parent\">\n<div class=\"cmsmasters_row_outer\">\n<div class=\"cmsmasters_row_inner\">\n<div class=\"cmsmasters_row_margin\">\n<div class=\"cmsmasters_column one_first\">\n<div class=\"cmsmasters_text\">\n<p>&nbsp;<\/p>\n<\/div>\n<\/div>\n<\/div>\n<\/div>\n<\/div>\n<\/div>\n<\/div>\n<div id=\"cmsmasters_row_2e07b06cb4\" class=\"cmsmasters_row cmsmasters_color_scheme_default cmsmasters_row_top_default cmsmasters_row_bot_default cmsmasters_row_boxed\">\n<div class=\"cmsmasters_row_outer_parent\">\n<div class=\"cmsmasters_row_outer\">\n<div class=\"cmsmasters_row_inner\">\n<div class=\"cmsmasters_row_margin\">\n<div class=\"cmsmasters_column one_first\">\n<div id=\"cmsmasters_heading_8ef13a83ab\" class=\"cmsmasters_heading_wrap cmsmasters_heading_align_center\">\n\t<h1 class=\"cmsmasters_heading\">Despre noi<\/h1>\n<\/div>\n<div id=\"cmsmasters_divider_\" class=\"cmsmasters_divider cmsmasters_divider_width_long cmsmasters_divider_pos_center\"><\/div>\n<div class=\"cmsmasters_text abt\">\n<p style=\"text-align: left; color: #92b955;\"><strong>Caracteristici Economice<\/strong><\/p>\n<\/div>\n<div class=\"cmsmasters_text abt\">\n<p>\u00cen termeni de popula\u021bie activ\u0103, se remarc\u0103: sectoarele care angreneaz\u0103 cea mai mare parte a popula\u021biei active sunt sectorul agricultur\u0103 (\u00een UAT distale centrelor urbane Cluj-Napoca \u0219i Turda) \u0219i sectorul servicii (\u00een UAT proximale centrelor urbane Cluj-Napoca \u0219i Turda)<\/p>\n<p>\u00cen termeni de fond funciar, se remarc\u0103: 37,48% p\u0103\u0219uni \u0219i f\u00e2ne\u021be; 31,55% p\u0103duri; 23,05% terenuri arabile; 0,28% livezi; 3,44% terenuri degradate \u0219i neproductive (fa\u021b\u0103 de 1,9% la nivel na\u021bional)<\/p>\n<\/div>\n<div class=\"cmsmasters_text abt\">\n<p style=\"text-align: left; color: #92b955;\"><span style=\"color: #92b955;\"><strong>Cre\u0219tere Animale \u015fi Cultivare Plante<\/strong><\/span><\/p>\n<\/div>\n<div class=\"cmsmasters_text abt\">\n<p>\u00cen termeni de exploata\u021bii agricole se remarc\u0103: existen\u021ba a 2.419 gospod\u0103rii individuale, 130 societ\u0103\u021bi agricole, 10 produc\u0103tori eco, 0 atest\u0103ri de produse tradi\u021bionale, 0 atest\u0103ri de re\u021bete consacrate. \u00cen termeni de structuri asociative se remarc\u0103: existen\u021ba a 14 asocia\u021bii \u00een sectorul cre\u0219tere animale, 1 asocia\u021bie \u00een sectorul cultivare plante.<\/p>\n<\/div>\n<div class=\"cmsmasters_text abt\">\n<p style=\"text-align: left; color: #92b955;\"><span style=\"color: #92b955;\"><strong>Cre\u0219tere Animale<\/strong><\/span><\/p>\n<\/div>\n<div class=\"cmsmasters_text abt\">\n<p>\u00cen termeni de practici zootehnice se remarc\u0103: prezen\u021ba a 5 UAT care sunt clasificate ca av\u00e2nd o \u00cenalt\u0103 Valoare Natural\u0103 (HNV), dintre care B\u0103i\u0219oara, Ciurila, Iara, Petre\u0219tii de Jos, Valea Ierii. \u00cen termeni de efective animale se remarc\u0103: prezen\u021ba a 1.114 capete bovine (medie 19,20\/societate agricol\u0103); 733 capete caprine (medie 244,33\/societate agricol\u0103); 3.450 capete ovine (medie 246,42\/societate agricol\u0103); 16 capete porcine (medie 16\/societate agricol\u0103); 108 capete g\u0103ini (medie 54\/societate agricol\u0103).<\/p>\n<p>\u00cen termeni de poten\u021bial de produc\u021bie se remarc\u0103: poten\u021bial de produc\u021bie neirigat sc\u0103zut sau mediu al p\u0103\u0219unilor \u0219i f\u00e2ne\u021belor; pe lapte, poten\u021bialul de procesare este mai bun \u00een sistem \u00eenchis dec\u00e2t pe p\u0103\u0219unat liber iar poten\u021bialul de procesare este mai bun \u00een cadrul fermei dec\u00e2t \u00een afar\u0103; capacitatea de colectare a laptelui este preponderent sc\u0103zut\u0103; capacitatea de industrializare a laptelui este preponderent medie; pe carne, poten\u021bialul de procesare este mai bun \u00een sistem \u00eenchis dec\u00e2t pe p\u0103\u0219unat liber iar poten\u021bialul de procesare este mai bun \u00een cadrul fermei dec\u00e2t \u00een afar\u0103; capacitatea de abatorizare a bovinelor este preponderent sc\u0103zut\u0103; capacitatea de prelucrare a c\u0103rnii de bovine este<\/p>\n<p>preponderent medie; capacitatea de abatorizare a porcinelor este preponderent sc\u0103zut\u0103; capacitatea de prelucrare a c\u0103rnii de porcine este preponderent medie; capacitatea de abatorizare a ovinelor \u0219i caprinelor este preponderent sc\u0103zut\u0103; capacitatea de prelucrare a c\u0103rnii de ovine \u0219i caprine este preponderent medie; prezen\u021ba a 0 operatori economici care de\u021bin sau exploateaz\u0103 spa\u021bii autorizate pentru depozitarea produselor agricole<\/p>\n<p>\u00cen termeni de \u00eentreprinderi de produc\u021bie a produselor de origine animal\u0103 \u00eenregistrate sanitar veterinar \u0219i pentru siguran\u021ba alimentelor se remarc\u0103: prezen\u021ba a 0 carmangerii, m\u0103cel\u0103rii, centre sacrificare p\u0103s\u0103ri, centre colectare ou\u0103 \u0219i centre colectare v\u00e2nat s\u0103lbatic pe raza teritoriului; prezen\u021ba a 24 centre prelucrare lapte pe raza teritoriului<\/p>\n<p>\u00cen termeni de unit\u0103\u021bi de v\u00e2nzare cu am\u0103nuntul a produselor de origine animal\u0103 \u00eenregistrate sanitar veterinar \u0219i pentru siguran\u021ba alimentelor se remarc\u0103: prezen\u021ba a 33 magazine alimentare, a 4 depozite alimentare \u0219i a 2 automate v\u00e2nzare lapte crud pe raza teritoriului.<\/p>\n<\/div>\n<div class=\"cmsmasters_text abt\">\n<p style=\"text-align: left; color: #92b955;\"><span style=\"color: #92b955;\"><strong>Cultivare Plante<\/strong><\/span><\/p>\n<\/div>\n<div class=\"cmsmasters_text abt\">\n<p>\u00cen termeni de practici agricole se remarc\u0103: 0 UAT au depus declara\u021biile de voin\u021b\u0103 \u00een vederea asum\u0103rii pozi\u021biei lor \u00eempotriva cultiv\u0103rii de organisme modificate genetic pe terenurile aferente lor. \u00cen termeni de particularit\u0103\u021bi terenuri, se remarc\u0103: pante pronun\u021bate, cu o \u00eenclina\u021bie medie de peste 15%. \u00cen termeni de poten\u021bial de produc\u021bie se remarc\u0103: poten\u021bial de produc\u021bie neirigat sc\u0103zut sau mediu al terenurilor arabile; poten\u021bial neirigat preponderent mijlociu pentru cereale; poten\u021bial neirigat preponderent sc\u0103zut pentru legume; capacitate preponderent bun\u0103 de prelucrare legume \u0219i de produc\u021bie plante medicinale; favorabilitate poten\u021bat\u0103 preponderent bun\u0103 pentru pomi fructiferi.<\/p>\n<p>\u00cen termeni de \u00eentreprinderi de produc\u021bie a produselor de origine non-animal\u0103 \u00eenregistrate sanitar veterinar \u0219i pentru siguran\u021ba alimentelor se remarc\u0103: prezen\u021ba a c\u00e2te 1 fabric\u0103 de p\u00e2ine, 1 fabric\u0103 de pr\u0103jituri, 1 unitate de prelucrare \u0219i conservare fructe \u0219i legume \u0219i 1 unitate de produc\u021bie \u0219i procesare ciuperci.<\/p>\n<p>\u00cen termeni de v\u00e2nzare cu am\u0103nuntul a produselor de origine non-animal\u0103 \u00eenregistrate sanitar veterinar \u0219i pentru siguran\u021ba alimentelor se remarc\u0103: prezen\u021ba a 0 unit\u0103\u021bi de comer\u021b cu am\u0103nuntul sau supermarketuri pe raza teritoriului; prezen\u021ba a 2 operatori economici care comercializeaz\u0103 semin\u021be \u0219i material s\u0103ditor, din care 2 operatori economici comercializeaz\u0103 semin\u021be autohtone \u0219i 0 operatori economici comercializeaz\u0103 semin\u021be eco.<\/p>\n<\/div>\n<div class=\"cmsmasters_text abt\">\n<p style=\"text-align: left; color: #92b955;\"><span style=\"color: #92b955;\"><strong>Exploatare Forestier\u0103<\/strong><\/span><\/p>\n<\/div>\n<div class=\"cmsmasters_text abt\">\n<p>\u00cen termeni de practici forestiere se remarc\u0103: prezen\u021ba a 0 ocoale silvice certificate din punct de vedere al managementului forestier; prezen\u021ba a 1 UAT care de\u021bine suprafe\u0163e forestiere care con\u0163in zone cu biodiversitate ridicat\u0103 de importan\u0163\u0103 global\u0103, regional\u0103 sau local\u0103; prezen\u021ba a 3 UAT care reprezint\u0103 zone de risc din punct de vedere al t\u0103ierilor ilegale. \u00cen termeni de structuri asociative se remarc\u0103: prezen\u021ba a 10 composesorate \u00een sectorul exploatare forestier\u0103. \u00cen termeni de poten\u021bial de produc\u021bie biomas\u0103 se remarc\u0103 un poten\u021bial bun (513.3 terajouli), din care 5,84% biomas\u0103 forestier\u0103 \u0219i 94,16% biomas\u0103 agricol\u0103.<\/p>\n<\/div>\n<div class=\"cmsmasters_text abt\">\n<p style=\"text-align: left; color: #92b955;\"><span style=\"color: #92b955;\"><strong>Turism<\/strong><\/span><\/p>\n<\/div>\n<div class=\"cmsmasters_text abt\">\n<p>\u00cen termeni de turism se remarc\u0103: cre\u0219tere a num\u0103rului de turi\u0219ti (2013 vs 2014); cre\u0219tere a num\u0103rului de \u00eennopt\u0103ri (2013 vs 2014); durat\u0103 medie a sejurului este redus\u0103, de doar 1,78 \u00eennopt\u0103ri pe turist; Zona Muntele B\u0103i\u0219orii este recunoscut\u0103 ca fiind sta\u021biune turistic\u0103; 6 UAT au concentrare mare de resurse turistice; 6 UAT au poten\u021bial mare de dezvoltare turistic\u0103; exist\u0103 un num\u0103r redus de centre de informare, \u00een ariile protejate; exist\u0103 0 trasee de munte omologate; exist\u0103 5 p\u00e2rtii de schi omologate; exist\u0103 0 pe\u0219teri amenajate \u0219i dotate pentru primirea turi\u0219tilor; exist\u0103 un num\u0103r redus de ghizi.<\/p>\n<\/div>\n<div class=\"cmsmasters_text abt\">\n<p style=\"text-align: left; color: #92b955;\"><span style=\"color: #92b955;\"><strong>Caracteristici Geografice \u015fi Climatice<\/strong><\/span><\/p>\n<\/div>\n<div class=\"cmsmasters_text abt\">\n<p>\u00cen termeni de relief se remarc\u0103: 33,20% din suprafa\u021ba teritoriului este reprezentat\u0103 de mun\u021bi, 33,32% de dealuri, 24,11% de depresiuni iar 9,37% de c\u00e2mpii. \u00cen termeni de soluri predomin\u0103: solurile brune acide, brune argiloiluviale, brune podzolice. \u00cen termeni de condi\u021bii climatice predomin\u0103: climatul de deal \u0219i podi\u0219, cu temperaturi variind \u00eentre 18\u00b0C \u0219i 20\u00b0C pe durata verii \u0219i \u00eentre -2\u00b0C \u0219i 6\u00b0C pe durata iernii \u0219i prezen\u021ba climatului montan, cu temperaturi variind \u00eentre 10\u00b0C \u0219i 15\u00b0C pe durata verii \u0219i \u00eentre -10\u00b0C \u0219i -5\u00b0C pe durata iernii.<\/p>\n<\/div>\n<div class=\"cmsmasters_text abt\">\n<p style=\"text-align: left; color: #92b955;\"><span style=\"color: #92b955;\"><strong>Caracteristici Popula\u021bionale \u015fi Demografice<\/strong><\/span><\/p>\n<\/div>\n<div class=\"cmsmasters_text abt\">\n<p>Indicele de capital uman \u00een Regiunea de NV este sc\u0103zut, situ\u00e2ndu-se pe locul patru din opt la nivel na\u021bional. Pe de alt\u0103 parte, Jude\u021bul Cluj este cel mai urbanizat jude\u021b din \u021bar\u0103, cu 33,6% popula\u021bie rural\u0103. \u00cen termeni de dezvoltare uman\u0103 se remarc\u0103: prezen\u021ba a 6 UAT cu un indice de dezvoltare uman\u0103 local\u0103 care reflect\u0103 gradul s\u0103r\u0103ciei, Aiton, B\u0103i\u0219oara, Ciurila, Petre\u0219tii de Jos, Plosco\u0219, Valea Ierii. \u00cen termeni de popula\u021bie activ\u0103 se remarc\u0103: din punct de vedere al evolu\u021biei ca num\u0103r, popula\u021bia stabil\u0103 a sc\u0103zut; din punct de vedere al evolu\u021biei ca v\u00e2rst\u0103, popula\u021bia a \u00eemb\u0103tr\u00e2nit; rata \u0219omajului sub media na\u021bional\u0103; rate ale asisten\u021bei sociale sub media na\u021bional\u0103. \u00cen termeni de etnie se remarc\u0103: peste 10% din popula\u021bie este de etnie maghiar\u0103 \u00een 3 UAT (Aiton, Feleacu\u00a0 \u015fi\u00a0 Tureni); peste 7% din popula\u021bie este de etnie rom\u0103 \u00een 2 UAT (Iara\u00a0 \u015fi\u00a0 Tureni). \u00cen termeni de educa\u021bie se remarc\u0103: num\u0103rul celor cu studii liceale \u015fi superioare a crescut; num\u0103rul analfabe\u021bilor a sc\u0103zut; num\u0103rul analfabe\u021bilor este mai mare \u00een r\u00e2ndul femeilor.<\/p>\n<\/div>\n<div class=\"cmsmasters_text abt\">\n<p style=\"text-align: left; color: #92b955;\"><span style=\"color: #92b955;\"><strong>Caracteristici Infrastructur\u0103 Local\u0103 \u015fi Capacitate Servicii<\/strong><\/span><\/p>\n<\/div>\n<div class=\"cmsmasters_text abt\">\n<p>\u00cen termeni de cadastrare exist\u0103 plan parcelar pentru o singur\u0103 tarla, \u00eentr-un singur UAT<\/p>\n<p>\u00cen termeni de utilit\u0103\u021bi se remarc\u0103: 4 UAT a c\u0103ror locuitori nu sunt bran\u0219a\u021bi la sistemul de alimentare cu ap\u0103 \u0219i 7 UAT a c\u0103ror locuitori nu sunt racorda\u0163i la sistemul de canalizare.<\/p>\n<\/div>\n<div id=\"cmsmasters_heading_f3gh4ve18o\" class=\"cmsmasters_heading_wrap cmsmasters_heading_align_center abthead\">\n\t<h1 class=\"cmsmasters_heading\">Parteneri<\/h1>\n<\/div>\n<div id=\"cmsmasters_divider_\" class=\"cmsmasters_divider cmsmasters_divider_width_long cmsmasters_divider_pos_center\"><\/div>\n<div class=\"cmsmasters_text abt\">\n<p>Asocia\u021bia Grupul de Ac\u021biune Local\u0103 Lider Cluj este format\u0103 din 28 de reprezentan\u0163i ai sectorului public, privat \u015fi societate civil\u0103.<\/p>\n<\/div>\n<div class=\"cmsmasters_text abt\">\n<p style=\"text-align: left; color: #92b955;\"><span style=\"color: #92b955;\"><strong>Sectorul public este alc\u0103tuit din 9 autorit\u0103\u021bi publice locale:<\/strong><\/span><\/p>\n<\/div>\n<div class=\"cmsmasters_text abt\">\n<ul>\n<li><a href=\"http:\/\/www.primariaaiton.ro\/\">Comuna Aiton,<\/a><\/li>\n<li><a href=\"http:\/\/www.primariabaisoara.ro\/\">Comuna B\u0103i\u0219oara,<\/a><\/li>\n<li><a href=\"http:\/\/www.comunafeleacu.ro\/\">Comuna Feleacu,<\/a><\/li>\n<li><a href=\"http:\/\/primariaciurila.ro\/\">Comuna Ciurila,<\/a><\/li>\n<li><a href=\"http:\/\/primariaiara.ro\/contact\">Comuna Iara,<\/a><\/li>\n<li><a href=\"http:\/\/www.primaria-petrestiidejos.ro\/ro\/\">Comuna Petre\u0219tii de Jos,<\/a><\/li>\n<li><a href=\"http:\/\/www.primariaploscos.ro\/\">Comuna Plosco\u0219,<\/a><\/li>\n<li><a href=\"http:\/\/comunatureni.ro\/\">Comuna Tureni,<\/a><\/li>\n<li><a href=\"http:\/\/www.e-primarii.ro\/primaria-valeaierii.\">Comuna Valea Ierii<\/a><\/li>\n<\/ul>\n<\/div>\n<div class=\"cmsmasters_text abt\">\n<p style=\"text-align: left; color: #92b955;\"><span style=\"color: #92b955;\"><strong>Sectorul privat este reprezentat din 31 membri, ce activeaz\u0103 \u00een diferite sectoare: cre\u0219terea animalelor, comer\u021b, fabricarea produselor de panifica\u021bie, exploatare forestier\u0103, protec\u0163ia mediului, construc\u0163ii \u015fi proiectare.<\/strong><\/span><\/p>\n<\/div>\n<div class=\"cmsmasters_text abt\">\n<ol>\n<li>Loc de Tihna SRL, CUI 46629743<\/li>\n<li>Travidero SRL, CUI 37431533<\/li>\n<li>Amilaria Funghi SRL, CUI 29121620<\/li>\n<li>Nemes Maria Liliana II, CUI 32328627<\/li>\n<li>Popa Raul-Dorin PFA, CUI 47984174<\/li>\n<li>Aranyosszeki Gazdak Egyesulete- Asociatia Agricultorilor din Valea Ariesului, CUI 32425450<\/li>\n<li>Pensiunea Casa Laura SRL, CUI 32354448<\/li>\n<li>Mirada Lumacri Events SRL, CUI 47312033<\/li>\n<li>Calbaza Denisa Mihaela II, CUI 44518994<\/li>\n<li>Motoadventuretour SRL, CUI 37559231<\/li>\n<li>Asociatia Aitoneana, CUI 18684572<\/li>\n<li>Testoasa SRL, CUI 28566639<\/li>\n<li>Vertical Root SRL, CUI 43764435<\/li>\n<li>Dumral Mount SRL, CUI 37796661<\/li>\n<li>Filiala Locala a Asociatiei Crescatorilor de Taurine din localitatea Petrestii de Jos, CUI 16154510<\/li>\n<li>Asociatia Pahumi, CUI 41125265<\/li>\n<li>Asociatia Ecologica Valea Ariesului, CUI 25809962<\/li>\n<li>Asociatia Fostilor Urbaristi din satul Gheorgheni, CUI 35195231<\/li>\n<li>Asociatia pentru Aiton \/ Ajtonert Egyesulet, CUI 44851920<\/li>\n<li>Asociatia Crescatorilor de Animale de Companie-Cluj, CUI 29960312<\/li>\n<li>Lactobioliv SRL, CUI 18298032<\/li>\n<li>Agrofilm SRL, CUI 26694631<\/li>\n<li>PFA Jakabffy Samu Barna, CUI 30639791<\/li>\n<li>Provac Impex SRL, CUI 18368855<\/li>\n<li>Bispora Trade SRL, CUI 32433495<\/li>\n<li>Ghio Impex SRL, CUI 15536148<\/li>\n<li>Danepan SRL, CUI 10206742<\/li>\n<li>PFA Florea Liana Emilia, CUI 28207384<\/li>\n<li>Gran Rom SRL, CUI 13180736<\/li>\n<li>A&amp;N&amp;T Impex SRL, CUI 252610<\/li>\n<li>Fundatia ECO-MONT, CUI 10048499<\/li>\n<\/ol>\n<\/div>\n<\/div>\n<\/div>\n<\/div>\n<\/div>\n<\/div>\n<\/div>\n<div id=\"cmsmasters_row_\" class=\"cmsmasters_row cmsmasters_color_scheme_default cmsmasters_row_top_default cmsmasters_row_bot_default cmsmasters_row_boxed\">\n<div class=\"cmsmasters_row_outer_parent\">\n<div class=\"cmsmasters_row_outer\">\n<div class=\"cmsmasters_row_inner\">\n<div class=\"cmsmasters_row_margin\">\n<div class=\"cmsmasters_column one_first\">\n<div class=\"cmsmasters_text\">\n<p>&nbsp;<\/p>\n<\/div>\n<\/div>\n<\/div>\n<\/div>\n<\/div>\n<\/div>\n<\/div>\n\n","protected":false},"excerpt":{"rendered":"","protected":false},"author":1,"featured_media":0,"parent":0,"menu_order":0,"comment_status":"closed","ping_status":"closed","template":"","meta":{"footnotes":""},"class_list":["post-12322","page","type-page","status-publish","hentry"],"_links":{"self":[{"href":"https:\/\/gallidercluj.ro\/2014-2020\/wp-json\/wp\/v2\/pages\/12322"}],"collection":[{"href":"https:\/\/gallidercluj.ro\/2014-2020\/wp-json\/wp\/v2\/pages"}],"about":[{"href":"https:\/\/gallidercluj.ro\/2014-2020\/wp-json\/wp\/v2\/types\/page"}],"author":[{"embeddable":true,"href":"https:\/\/gallidercluj.ro\/2014-2020\/wp-json\/wp\/v2\/users\/1"}],"replies":[{"embeddable":true,"href":"https:\/\/gallidercluj.ro\/2014-2020\/wp-json\/wp\/v2\/comments?post=12322"}],"version-history":[{"count":29,"href":"https:\/\/gallidercluj.ro\/2014-2020\/wp-json\/wp\/v2\/pages\/12322\/revisions"}],"predecessor-version":[{"id":15607,"href":"https:\/\/gallidercluj.ro\/2014-2020\/wp-json\/wp\/v2\/pages\/12322\/revisions\/15607"}],"wp:attachment":[{"href":"https:\/\/gallidercluj.ro\/2014-2020\/wp-json\/wp\/v2\/media?parent=12322"}],"curies":[{"name":"wp","href":"https:\/\/api.w.org\/{rel}","templated":true}]}}